{"id":350,"date":"2017-02-14T18:02:16","date_gmt":"2017-02-14T17:02:16","guid":{"rendered":"http:\/\/www.soccarena.de\/?page_id=350"},"modified":"2025-09-13T15:19:05","modified_gmt":"2025-09-13T15:19:05","slug":"kunstrasen","status":"publish","type":"page","link":"https:\/\/soccerhalle-heufeld.de\/index.php\/sports\/indoor-soccer\/kunstrasen\/","title":{"rendered":"Kunstrasen"},"content":{"rendered":"<p class=\"lead\">Unser FIFA-zertifizierter Kunstrasen in der Soccerhalle geh\u00f6rt der j\u00fcngsten Generation an und gen\u00fcgt h\u00f6chsten Anspr\u00fcchen. Er ist die Voraussetzung f\u00fcr technisch versierten Hochgeschwindigkeitsfu\u00dfball.<\/p>\n<p>Der Kunstrasen in der Soccerhalle, auf dem wir <a href=\".\/indoor-soccer\/\">Indoor Soccer<\/a> und <a href=\".\/bubble-soccer\/\">Bubble Soccer<\/a> spielen, besteht aus 50 Millimeter langen Mono-Filament Fasern, die zuerst mit 10 Millimeter Quarzsand und dar\u00fcber mit 10-15 Millimeter Gummigranulat verf\u00fcllt werden.<\/p>\n<p style=\"margin-bottom: 50px;\">Dadurch ist der Kunstrasen in der <a href=\".\/soccerhalle\/\">Soccerhalle <\/a>sehr gelenkschonend und f\u00fchrt kaum mehr zu Verletzungen, wie das fr\u00fcher leider h\u00e4ufiger der Fall war. Diese Zeiten sind vorbei, auf modernen Kunstrasen passieren weniger Verletzungen als auf Naturrasen. Der Kunstrasen kann &#8211; au\u00dfer mit Stollenschuhen &#8211; mit fast allen <a href=\".\/indoor-soccer\/fussballschuhe\/\">Fu\u00dfballschuhen<\/a> bespielt werden.<\/p>\n<div style=\"margin-top: 50px; margin-bottom: 50px;\">\n<figure id=\"attachment_625\" aria-describedby=\"caption-attachment-625\" style=\"width: 500px\" class=\"wp-caption aligncenter\"><img loading=\"lazy\" decoding=\"async\" class=\"size-full wp-image-625 text-right\" src=\"https:\/\/soccerhalle-heufeld.de\/wordpress\/wp-content\/uploads\/2017\/02\/head-varioslide-s-pro.jpg\" alt=\"Kunstrasen mit Gummigranulat\" width=\"500\" height=\"181\" srcset=\"https:\/\/soccerhalle-heufeld.de\/wp-content\/uploads\/2017\/02\/head-varioslide-s-pro.jpg 500w, https:\/\/soccerhalle-heufeld.de\/wp-content\/uploads\/2017\/02\/head-varioslide-s-pro-300x109.jpg 300w\" sizes=\"auto, (max-width: 500px) 100vw, 500px\" \/><figcaption id=\"caption-attachment-625\" class=\"wp-caption-text\">Kunstrasen mit Gummigranulat<\/figcaption><\/figure>\n<figure id=\"attachment_622\" aria-describedby=\"caption-attachment-622\" style=\"width: 500px\" class=\"wp-caption aligncenter\"><img loading=\"lazy\" decoding=\"async\" class=\"size-full wp-image-622\" src=\"https:\/\/soccerhalle-heufeld.de\/wordpress\/wp-content\/uploads\/2017\/04\/bild_n_01.jpg\" alt=\"Aufbau des Kunstrasens\" width=\"500\" height=\"181\" srcset=\"https:\/\/soccerhalle-heufeld.de\/wp-content\/uploads\/2017\/04\/bild_n_01.jpg 500w, https:\/\/soccerhalle-heufeld.de\/wp-content\/uploads\/2017\/04\/bild_n_01-300x109.jpg 300w\" sizes=\"auto, (max-width: 500px) 100vw, 500px\" \/><figcaption id=\"caption-attachment-622\" class=\"wp-caption-text\">Aufbau des Kunstrasens<\/figcaption><\/figure>\n<\/div>\n<p>Der Kunstrasen in der Soccerhalle&#8230;<\/p>\n<figure id=\"attachment_210\" aria-describedby=\"caption-attachment-210\" style=\"width: 800px\" class=\"wp-caption aligncenter\"><img loading=\"lazy\" decoding=\"async\" class=\"size-full wp-image-210\" src=\"https:\/\/soccerhalle-heufeld.de\/wordpress\/wp-content\/uploads\/2016\/08\/indoor-soccer-master-court-02.jpg\" alt=\"Master Court in der SOCCARENA\" width=\"800\" height=\"600\" \/><figcaption id=\"caption-attachment-210\" class=\"wp-caption-text\">Master Court in der Soccerhalle<\/figcaption><\/figure>\n<p>&#8230; ein edler Fu\u00dfballteppich!<\/p>\n","protected":false},"excerpt":{"rendered":"<p>Unser FIFA-zertifizierter Kunstrasen in der Soccerhalle geh\u00f6rt der j\u00fcngsten Generation an und gen\u00fcgt h\u00f6chsten Anspr\u00fcchen. Er ist die Voraussetzung f\u00fcr technisch versierten Hochgeschwindigkeitsfu\u00dfball. Der Kunstrasen in der Soccerhalle, auf dem &#8230;<\/p>\n","protected":false},"author":1,"featured_media":625,"parent":16004,"menu_order":2,"comment_status":"closed","ping_status":"closed","template":"","meta":{"footnotes":""},"class_list":["post-350","page","type-page","status-publish","has-post-thumbnail","hentry"],"_links":{"self":[{"href":"https:\/\/soccerhalle-heufeld.de\/index.php\/wp-json\/wp\/v2\/pages\/350","targetHints":{"allow":["GET"]}}],"collection":[{"href":"https:\/\/soccerhalle-heufeld.de\/index.php\/wp-json\/wp\/v2\/pages"}],"about":[{"href":"https:\/\/soccerhalle-heufeld.de\/index.php\/wp-json\/wp\/v2\/types\/page"}],"author":[{"embeddable":true,"href":"https:\/\/soccerhalle-heufeld.de\/index.php\/wp-json\/wp\/v2\/users\/1"}],"replies":[{"embeddable":true,"href":"https:\/\/soccerhalle-heufeld.de\/index.php\/wp-json\/wp\/v2\/comments?post=350"}],"version-history":[{"count":1,"href":"https:\/\/soccerhalle-heufeld.de\/index.php\/wp-json\/wp\/v2\/pages\/350\/revisions"}],"predecessor-version":[{"id":17152,"href":"https:\/\/soccerhalle-heufeld.de\/index.php\/wp-json\/wp\/v2\/pages\/350\/revisions\/17152"}],"up":[{"embeddable":true,"href":"https:\/\/soccerhalle-heufeld.de\/index.php\/wp-json\/wp\/v2\/pages\/16004"}],"wp:featuredmedia":[{"embeddable":true,"href":"https:\/\/soccerhalle-heufeld.de\/index.php\/wp-json\/wp\/v2\/media\/625"}],"wp:attachment":[{"href":"https:\/\/soccerhalle-heufeld.de\/index.php\/wp-json\/wp\/v2\/media?parent=350"}],"curies":[{"name":"wp","href":"https:\/\/api.w.org\/{rel}","templated":true}]}}