{"id":271,"date":"2016-08-11T14:16:23","date_gmt":"2016-08-11T12:16:23","guid":{"rendered":"http:\/\/www.soccarena.de\/?page_id=271"},"modified":"2025-09-13T14:51:50","modified_gmt":"2025-09-13T14:51:50","slug":"abos","status":"publish","type":"page","link":"https:\/\/soccerhalle-heufeld.de\/index.php\/events\/vereine\/abos\/","title":{"rendered":"Abos f\u00fcr Indoor Soccer"},"content":{"rendered":"\n<h3 class=\"wp-block-heading\"><strong>Hol dir dein Abo f\u00fcr die Soccerhalle<\/strong><\/h3>\n\n\n\n<p class=\"has-black-color has-text-color has-small-font-size\">Wir k\u00f6nnen Ihnen feste Trainingszeiten, bei denen Sie Ihren fixen w\u00f6chentlichen Termin und weitere Verg\u00fcnstigungen erhalten, in Verbindung mit Abonnements ab 12 Einheiten Laufzeit anbieten.<\/p>\n\n\n\n<p class=\"has-black-color has-text-color has-small-font-size\">Terminserien mit k\u00fcrzeren Laufzeiten und Einzeltermine k\u00f6nnen bequem <a href=\".\/court-buchen\/\">online gebucht werden<\/a>.<\/p>\n\n\n\n<p class=\"has-black-color has-text-color has-small-font-size\"><\/p>\n\n\n\n<div class=\"wp-block-columns is-layout-flex wp-container-core-columns-is-layout-9d6595d7 wp-block-columns-is-layout-flex\">\n<div class=\"wp-block-column has-background is-layout-flow wp-block-column-is-layout-flow\" style=\"background-color:#0abaf04f\">\n<h4 class=\"wp-block-heading has-text-align-center\"><strong>Indoor Soccer Abo Premium<\/strong><\/h4>\n\n\n\n<ul class=\"wp-block-list has-black-color has-text-color has-small-font-size\">\n<li>m\u00f6glich ab 12+ Einheiten<\/li>\n\n\n\n<li>auf Wunsch w\u00f6chentlicher, fixer Termin \u00fcber die gesamte Laufzeit<\/li>\n\n\n\n<li>jeweils 90 Minuten <a href=\"https:\/\/soccerhalle-heufeld.de\/wordpress\/?page_id=17055\" data-type=\"page\" data-id=\"17055\">Kunstrasen<\/a> auf dem Center oder Master Court (30 x 15 Meter)<\/li>\n\n\n\n<li>B\u00e4lle und Leibchen <strong>inklusive<\/strong><\/li>\n\n\n\n<li><b>GRATIS<\/b>-Einheiten \u00fcber 90 Minuten (12 + 1)<\/li>\n\n\n\n<li>Ein 2 f\u00fcr 1-Gutschein f\u00fcr <a href=\".\/squash\/\"><span class=\"link2\">Squash<\/span><\/a><\/li>\n\n\n\n<li><strong>Gutschein <\/strong>\u00fcber Rabatt von 50% auf Aufpreis <a href=\".\/bubble-soccer\/\"><span class=\"link2\">Bubble Soccer<\/span><\/a><\/li>\n<\/ul>\n<\/div>\n\n\n\n<div class=\"wp-block-column has-black-color has-text-color has-background has-small-font-size is-layout-flow wp-block-column-is-layout-flow\" style=\"background-color:#afc9045e\">\n<h4 class=\"wp-block-heading has-text-align-center\"><strong>12er Karte Indoor Soccer<\/strong><\/h4>\n\n\n\n<ul class=\"wp-block-list\">\n<li>auf Wunsch w\u00f6chentlicher, fixer Termin \u00fcber die gesamte Laufzeit<\/li>\n\n\n\n<li>jeweils 90 Minuten <a href=\".\/indoor-soccer\/kunstrasen\/\">Kunstrasen<\/a> auf dem Center oder Master Court (30 x 15 Meter)<\/li>\n\n\n\n<li>B\u00e4lle und Leibchen <strong>inklusive<\/strong><\/li>\n\n\n\n<li><b>GRATIS<\/b>-Einheit \u00fcber 90 Minuten (12 + 1)<\/li>\n<\/ul>\n<\/div>\n\n\n\n<div class=\"wp-block-column has-black-color has-text-color has-background has-small-font-size is-layout-flow wp-block-column-is-layout-flow\" style=\"background-color:#c5c7c78c\">\n<h4 class=\"wp-block-heading has-text-align-center\" id=\"h-zehnerkarte-squash-1\"><strong>Zehnerkarte Squash<\/strong><\/h4>\n\n\n\n<ul class=\"wp-block-list\">\n<li class=\"has-small-font-size\">auf Wunsch w\u00f6chentlicher, fixer Termin \u00fcber die gesamte Laufzeit<\/li>\n\n\n\n<li class=\"has-small-font-size\">jeweils 60 Minuten auf einem der beiden Courts<\/li>\n<\/ul>\n<\/div>\n<\/div>\n\n\n\n<p class=\"has-black-color has-text-color has-small-font-size\"><strong>Nicht das richtige Abo-Modell dabei?<\/strong><br>Ruf uns jetzt unter&nbsp;<a href=\"tel:+491788816241\">+49 (0) 178 \/ 8816241<\/a>&nbsp;an &amp; vereinbare dein individuelles Abo!<\/p>\n\n\n\n<p><\/p>\n","protected":false},"excerpt":{"rendered":"<p>Hol dir dein Abo f\u00fcr die Soccerhalle Wir k\u00f6nnen Ihnen feste Trainingszeiten, bei denen Sie Ihren fixen w\u00f6chentlichen Termin und weitere Verg\u00fcnstigungen erhalten, in Verbindung mit Abonnements ab 12 Einheiten &#8230;<\/p>\n","protected":false},"author":1,"featured_media":9990,"parent":1513,"menu_order":2,"comment_status":"closed","ping_status":"closed","template":"","meta":{"footnotes":""},"class_list":["post-271","page","type-page","status-publish","has-post-thumbnail","hentry"],"_links":{"self":[{"href":"https:\/\/soccerhalle-heufeld.de\/index.php\/wp-json\/wp\/v2\/pages\/271","targetHints":{"allow":["GET"]}}],"collection":[{"href":"https:\/\/soccerhalle-heufeld.de\/index.php\/wp-json\/wp\/v2\/pages"}],"about":[{"href":"https:\/\/soccerhalle-heufeld.de\/index.php\/wp-json\/wp\/v2\/types\/page"}],"author":[{"embeddable":true,"href":"https:\/\/soccerhalle-heufeld.de\/index.php\/wp-json\/wp\/v2\/users\/1"}],"replies":[{"embeddable":true,"href":"https:\/\/soccerhalle-heufeld.de\/index.php\/wp-json\/wp\/v2\/comments?post=271"}],"version-history":[{"count":3,"href":"https:\/\/soccerhalle-heufeld.de\/index.php\/wp-json\/wp\/v2\/pages\/271\/revisions"}],"predecessor-version":[{"id":17130,"href":"https:\/\/soccerhalle-heufeld.de\/index.php\/wp-json\/wp\/v2\/pages\/271\/revisions\/17130"}],"up":[{"embeddable":true,"href":"https:\/\/soccerhalle-heufeld.de\/index.php\/wp-json\/wp\/v2\/pages\/1513"}],"wp:featuredmedia":[{"embeddable":true,"href":"https:\/\/soccerhalle-heufeld.de\/index.php\/wp-json\/wp\/v2\/media\/9990"}],"wp:attachment":[{"href":"https:\/\/soccerhalle-heufeld.de\/index.php\/wp-json\/wp\/v2\/media?parent=271"}],"curies":[{"name":"wp","href":"https:\/\/api.w.org\/{rel}","templated":true}]}}