{"id":15724,"date":"2016-08-10T15:46:53","date_gmt":"2016-08-10T13:46:53","guid":{"rendered":"http:\/\/www.gardacup.at\/?page_id=182"},"modified":"2025-09-13T15:08:17","modified_gmt":"2025-09-13T15:08:17","slug":"junggesellenabschied","status":"publish","type":"page","link":"https:\/\/soccerhalle-heufeld.de\/index.php\/events\/junggesellenabschied\/","title":{"rendered":"Junggesellenabschied JGA"},"content":{"rendered":"\n<h3 class=\"wp-block-heading\" id=\"h-unser-bubble-soccer-wird-jahrlich-dutzende-male-fur-jungesellenabschiede-jga-im-raum-rosenheim-bad-aibling-und-bruckmuhl-gebucht-wer-s-einmal-ausprobiert-oder-auch-nur-gesehen-hat-weiss-warum\"><strong>Unser Bubble Soccer wird j\u00e4hrlich Dutzende Male f\u00fcr Jungesellenabschiede (JGA) im Raum Rosenheim, Bad Aibling und Bruckm\u00fchl gebucht. Wer&#8217;s einmal ausprobiert (oder auch nur gesehen) hat, wei\u00df warum<\/strong>!<\/h3>\n\n\n\n<p class=\"has-black-color has-text-color has-small-font-size\"><a href=\".\/bubble-soccer\/\">Bubble Soccer<\/a> ist ein lustiges Highlight f\u00fcr jeden Junggesellenabschied oder Junggesellinnenabschied &#8211; mit reichlich Action und Spa\u00df! Und danach k\u00f6nnt Ihr Euch von Mos\u00e8 in unserer <a href=\".\/gastronomie\/\">Gastro<\/a> verw\u00f6hnen lassen: lecker Pizza oder Pasta essen, und das eine oder andere Bierchen zischen.<\/p>\n\n\n\n<div class=\"wp-block-cover is-light has-text-color has-background has-link-color wp-elements-963f6a61b30e4b3c713f49029eb01fd8\" style=\"color:#000000;background-color:#35baf263;padding-top:2em;padding-right:2em;padding-bottom:2em;padding-left:2em;min-height:413px;aspect-ratio:unset;\"><span aria-hidden=\"true\" class=\"wp-block-cover__background has-background-dim\" style=\"background-color:#c2d9ec\"><\/span><div class=\"wp-block-cover__inner-container is-layout-flow wp-block-cover-is-layout-flow\">\n<div class=\"wp-block-group\" style=\"font-size:40px\"><div class=\"wp-block-group__inner-container is-layout-constrained wp-block-group-is-layout-constrained\">\n<h3 class=\"wp-block-heading has-text-align-center\"><strong>Junggesellenabschied (JGA) Paket<\/strong> <strong>*<\/strong><\/h3>\n\n\n\n<hr class=\"wp-block-separator has-text-color has-black-color has-alpha-channel-opacity has-black-background-color has-background is-style-wide\"\/>\n\n\n\n<h3 class=\"wp-block-heading has-text-align-center has-medium-font-size\"><strong>90 Minuten Bubble Soccer f\u00fcr 10-16 Spieler<\/strong><sup>1<\/sup><strong><br>2 x Pizza  60 x 40 cm<br>10 Ma\u00df Oktoberfestbier<\/strong><br><strong>Reservierter Tisch in unserer Gastronomie<\/strong><\/h3>\n\n\n\n<p class=\"has-text-align-center has-black-color has-text-color has-small-font-size\">*Specials k\u00f6nnen individuell angepasst werden <br><sup>1<\/sup>bei max. 8 Teilnehmern auf dem Speed Court f\u00fcr 294,90 EUR<\/p>\n\n\n\n<div class=\"wp-block-buttons is-content-justification-center is-layout-flex wp-container-core-buttons-is-layout-16018d1d wp-block-buttons-is-layout-flex\">\n<div class=\"wp-block-button has-custom-width wp-block-button__width-25\"><a class=\"wp-block-button__link has-white-color has-text-color has-background has-medium-font-size has-custom-font-size wp-element-button\" href=\".\/kontakt\/\" style=\"border-radius:0px;background-color:#0abbef\" target=\"_blank\" rel=\"noreferrer noopener\"><strong>324,90 EUR<\/strong><br>jetzt anfragen<\/a><\/div>\n<\/div>\n<\/div><\/div>\n<\/div><\/div>\n\n\n\n<p><\/p>\n\n\n\n<p class=\"has-black-color has-text-color has-small-font-size\"><strong>Lust auf einen unvergesslichen Junggesellenabschied (JGA)?<\/strong><br>Beratung zu Junggesellen-Abschieden gibt&#8217;s direkt in der Soccerhalle bei Manfred Schindlbeck, telefonisch unter<strong> <\/strong><a href=\"tel:+491788816241\">+49 (0) 178 \/ 8816241<\/a> oder <a href=\"mailto:info@soccerhalle-heufeld.de\">info@soccerhalle-heufeld.de<\/a><\/p>\n","protected":false},"excerpt":{"rendered":"<p>Unser Bubble Soccer wird j\u00e4hrlich Dutzende Male f\u00fcr Jungesellenabschiede (JGA) im Raum Rosenheim, Bad Aibling und Bruckm\u00fchl gebucht. Wer&#8217;s einmal ausprobiert (oder auch nur gesehen) hat, wei\u00df warum! Bubble Soccer &#8230;<\/p>\n","protected":false},"author":1,"featured_media":16765,"parent":1056,"menu_order":2,"comment_status":"closed","ping_status":"closed","template":"","meta":{"footnotes":""},"class_list":["post-15724","page","type-page","status-publish","has-post-thumbnail","hentry"],"_links":{"self":[{"href":"https:\/\/soccerhalle-heufeld.de\/index.php\/wp-json\/wp\/v2\/pages\/15724","targetHints":{"allow":["GET"]}}],"collection":[{"href":"https:\/\/soccerhalle-heufeld.de\/index.php\/wp-json\/wp\/v2\/pages"}],"about":[{"href":"https:\/\/soccerhalle-heufeld.de\/index.php\/wp-json\/wp\/v2\/types\/page"}],"author":[{"embeddable":true,"href":"https:\/\/soccerhalle-heufeld.de\/index.php\/wp-json\/wp\/v2\/users\/1"}],"replies":[{"embeddable":true,"href":"https:\/\/soccerhalle-heufeld.de\/index.php\/wp-json\/wp\/v2\/comments?post=15724"}],"version-history":[{"count":1,"href":"https:\/\/soccerhalle-heufeld.de\/index.php\/wp-json\/wp\/v2\/pages\/15724\/revisions"}],"predecessor-version":[{"id":17142,"href":"https:\/\/soccerhalle-heufeld.de\/index.php\/wp-json\/wp\/v2\/pages\/15724\/revisions\/17142"}],"up":[{"embeddable":true,"href":"https:\/\/soccerhalle-heufeld.de\/index.php\/wp-json\/wp\/v2\/pages\/1056"}],"wp:featuredmedia":[{"embeddable":true,"href":"https:\/\/soccerhalle-heufeld.de\/index.php\/wp-json\/wp\/v2\/media\/16765"}],"wp:attachment":[{"href":"https:\/\/soccerhalle-heufeld.de\/index.php\/wp-json\/wp\/v2\/media?parent=15724"}],"curies":[{"name":"wp","href":"https:\/\/api.w.org\/{rel}","templated":true}]}}