{"id":15624,"date":"2022-01-25T13:03:53","date_gmt":"2022-01-25T12:03:53","guid":{"rendered":"https:\/\/www.soccarena.de\/?page_id=15624"},"modified":"2026-02-13T12:04:57","modified_gmt":"2026-02-13T12:04:57","slug":"squash","status":"publish","type":"page","link":"https:\/\/soccerhalle-heufeld.de\/index.php\/sports\/squash\/","title":{"rendered":"Squash"},"content":{"rendered":"\n<h3 class=\"wp-block-heading\" id=\"h-buche-dir-jetzt-deinen-squash-court\"><strong>Buchung Squash nur telefonisch unter 0178-8816241 m\u00f6glich!<\/strong><\/h3>\n\n\n\n<p class=\"lead has-black-color has-text-color has-small-font-size\">In der Soccerhalle in Bruckm\u00fchl\/Heufeld stehen Euch zwei Squash-Courts zur Verf\u00fcgung, der Squashbereich wurde komplett renoviert. Auch Leihschl\u00e4ger und B\u00e4lle sind erh\u00e4ltlich.<\/p>\n\n\n\n<blockquote class=\"wp-block-quote has-black-color has-text-color has-small-font-size is-layout-flow wp-block-quote-is-layout-flow\">\n<p class=\"has-black-color has-text-color has-small-font-size\">&#8222;<em>Squash<\/em>: eine Sauna, in der man viel rennen muss.&#8220;<\/p>\n<cite>Henry Kissinger<\/cite><\/blockquote>\n\n\n\n<p class=\"has-black-color has-text-color has-small-font-size\">Squash<strong> <\/strong>ist die R\u00fcckschlag-Sportart, die mit zwei Spielern (Einzel), selten auch mit vier Spielern (Doppel), in der Halle gespielt wird. Dabei werden spezielle Squashb\u00e4lle und Squashschl\u00e4ger verwendet. Ziel des Spiels ist es, den Ball so zu schlagen, dass der Gegner ihn nicht mehr erreichen kann, bevor er zum zweiten Mal den Boden ber\u00fchrt. <br><strong>Noch nicht ausprobiert? Dann los! <a href=\".\/court-buchen\/\">Buche <\/a>dir jetzt deinen Squash-Court!<\/strong><\/p>\n\n\n\n<p><\/p>\n\n\n\n<div class=\"wp-block-columns is-layout-flex wp-container-core-columns-is-layout-9d6595d7 wp-block-columns-is-layout-flex\">\n<div class=\"wp-block-column is-layout-flow wp-block-column-is-layout-flow\">\n<div class=\"wp-block-cover is-light\"><img loading=\"lazy\" decoding=\"async\" width=\"1024\" height=\"768\" class=\"wp-block-cover__image-background wp-image-15630 size-large\" alt=\"\" src=\"https:\/\/soccerhalle-heufeld.de\/wordpress\/wp-content\/uploads\/2022\/01\/CIMG0632-bearbeitet-e1658174751634-1024x768.jpg\" data-object-fit=\"cover\" srcset=\"https:\/\/soccerhalle-heufeld.de\/wp-content\/uploads\/2022\/01\/CIMG0632-bearbeitet-e1658174751634-1024x768.jpg 1024w, https:\/\/soccerhalle-heufeld.de\/wp-content\/uploads\/2022\/01\/CIMG0632-bearbeitet-e1658174751634-300x225.jpg 300w, https:\/\/soccerhalle-heufeld.de\/wp-content\/uploads\/2022\/01\/CIMG0632-bearbeitet-e1658174751634-768x576.jpg 768w, https:\/\/soccerhalle-heufeld.de\/wp-content\/uploads\/2022\/01\/CIMG0632-bearbeitet-e1658174751634.jpg 1440w\" sizes=\"auto, (max-width: 1024px) 100vw, 1024px\" \/><span aria-hidden=\"true\" class=\"wp-block-cover__background has-background-dim\" style=\"background-color:#c9ac8d\"><\/span><div class=\"wp-block-cover__inner-container is-layout-flow wp-block-cover-is-layout-flow\">\n<p class=\"has-text-align-center has-white-color has-text-color has-large-font-size\"><strong>Court 1<\/strong><\/p>\n<\/div><\/div>\n\n\n<\/div>\n\n\n\n<div class=\"wp-block-column is-layout-flow wp-block-column-is-layout-flow\">\n<div class=\"wp-block-cover is-light\"><img loading=\"lazy\" decoding=\"async\" width=\"1024\" height=\"768\" class=\"wp-block-cover__image-background wp-image-15631 size-large\" alt=\"\" src=\"https:\/\/soccerhalle-heufeld.de\/wordpress\/wp-content\/uploads\/2022\/01\/CIMG0633-b1-1024x768.jpg\" data-object-fit=\"cover\" srcset=\"https:\/\/soccerhalle-heufeld.de\/wp-content\/uploads\/2022\/01\/CIMG0633-b1-1024x768.jpg 1024w, https:\/\/soccerhalle-heufeld.de\/wp-content\/uploads\/2022\/01\/CIMG0633-b1-300x225.jpg 300w, https:\/\/soccerhalle-heufeld.de\/wp-content\/uploads\/2022\/01\/CIMG0633-b1-768x576.jpg 768w, https:\/\/soccerhalle-heufeld.de\/wp-content\/uploads\/2022\/01\/CIMG0633-b1.jpg 1500w\" sizes=\"auto, (max-width: 1024px) 100vw, 1024px\" \/><span aria-hidden=\"true\" class=\"wp-block-cover__background has-background-dim\" style=\"background-color:#d3bb92\"><\/span><div class=\"wp-block-cover__inner-container is-layout-flow wp-block-cover-is-layout-flow\">\n<p class=\"has-text-align-center has-white-color has-text-color has-large-font-size\"><strong>Court 2<\/strong><\/p>\n<\/div><\/div>\n\n\n<\/div>\n<\/div>\n\n\n\n<p class=\"has-black-color has-text-color has-small-font-size\"><strong>Squash Abo<\/strong><br>F\u00fcr alle, die regelm\u00e4\u00dfig Squash spielen wollen, empfehlen wir unsere <a href=\".\/events\/vereine\/abos\/\">g\u00fcnstige Zehnerkarte<\/a>. Leihschl\u00e4gern und B\u00e4lle k\u00f6nnen ausgeliehen werden.<\/p>\n\n\n\n<p class=\"has-black-color has-text-color has-small-font-size\"><strong>Du hast Fragen zu unseren Squash Angeboten?<\/strong><br>Ruf uns jetzt unter <strong><mark style=\"background-color:rgba(0, 0, 0, 0)\" class=\"has-inline-color has-vivid-cyan-blue-color\">015563143000<\/mark><\/strong>\u00a0an &amp; sprich mit unserem Squash-Experten Manfred!<\/p>\n\n\n\n<p><\/p>\n","protected":false},"excerpt":{"rendered":"<p>Buchung Squash nur telefonisch unter 0178-8816241 m\u00f6glich! In der Soccerhalle in Bruckm\u00fchl\/Heufeld stehen Euch zwei Squash-Courts zur Verf\u00fcgung, der Squashbereich wurde komplett renoviert. Auch Leihschl\u00e4ger und B\u00e4lle sind erh\u00e4ltlich. &#8222;Squash: &#8230;<\/p>\n","protected":false},"author":1,"featured_media":0,"parent":16582,"menu_order":2,"comment_status":"closed","ping_status":"closed","template":"","meta":{"footnotes":""},"class_list":["post-15624","page","type-page","status-publish","hentry"],"_links":{"self":[{"href":"https:\/\/soccerhalle-heufeld.de\/index.php\/wp-json\/wp\/v2\/pages\/15624","targetHints":{"allow":["GET"]}}],"collection":[{"href":"https:\/\/soccerhalle-heufeld.de\/index.php\/wp-json\/wp\/v2\/pages"}],"about":[{"href":"https:\/\/soccerhalle-heufeld.de\/index.php\/wp-json\/wp\/v2\/types\/page"}],"author":[{"embeddable":true,"href":"https:\/\/soccerhalle-heufeld.de\/index.php\/wp-json\/wp\/v2\/users\/1"}],"replies":[{"embeddable":true,"href":"https:\/\/soccerhalle-heufeld.de\/index.php\/wp-json\/wp\/v2\/comments?post=15624"}],"version-history":[{"count":3,"href":"https:\/\/soccerhalle-heufeld.de\/index.php\/wp-json\/wp\/v2\/pages\/15624\/revisions"}],"predecessor-version":[{"id":17252,"href":"https:\/\/soccerhalle-heufeld.de\/index.php\/wp-json\/wp\/v2\/pages\/15624\/revisions\/17252"}],"up":[{"embeddable":true,"href":"https:\/\/soccerhalle-heufeld.de\/index.php\/wp-json\/wp\/v2\/pages\/16582"}],"wp:attachment":[{"href":"https:\/\/soccerhalle-heufeld.de\/index.php\/wp-json\/wp\/v2\/media?parent=15624"}],"curies":[{"name":"wp","href":"https:\/\/api.w.org\/{rel}","templated":true}]}}